 is divided by 7?
5
Suppose 3*c = -3*i - 90 + 252, -4*i = 5*c - 270. Calculate the remainder when c is divided by 19.
16
Suppose -5*w = -6*w + 50. Let o = w - 28. What is the remainder when 43 is divided by o?
21
Suppose 6*b - 2*b - 172 = 0. Let q = b - 8. Let g = 27 + -9. What is the remainder when q is divided by g?
17
Suppose 2*p - 11 - 10 = 3*b, -b + 3 = p. Calculate the remainder when 22 is divided by (-28)/(-5) + p/15.
4
Let w = -6 + -1. Let c(r) = -r**2 - 6*r + 8. Let d be c(w). Let h(f) = 19*f**2 + 1. Calculate the remainder when h(d) is divided by 7.
6
Let b = 3 + -2. Suppose 2*n + 3*w - 4*w = -2, 5*w = -2*n - 26. Let t(h) = h + 5. What is the remainder when t(n) is divided by b?
0
Let j = -76 - -265. Let k be (-1)/4 - j/28. Let n(q) = -2*q + 3. Calculate the remainder when n(k) is divided by 5.
2
Suppose 6*a + 4*z = 2*a, 5*a - 5*z = 0. Suppose -c - 4*q - 3 - 4 = a, -6 = 2*q. What is the remainder when c is divided by 3?
2
Let u(o) = -3*o**2 - o - 1. Let p be u(-2). Let c(n) = n**3 + 12*n**2 + 10*n - 3. Calculate the remainder when (-2)/(-3) + 64/3 is divided by c(p).
6
Let o(p) = -3*p - 1. Let c be o(-3). Suppose 2*v = 6*v + c. What is the remainder when v/(-4) - 90/(-12) is divided by 5?
3
Let b be 2 + 5/(1/1). Let o = b - -2. Calculate the remainder when o is divided by 5.
4
Let n(f) = -8*f + 2. What is the remainder when 68 is divided by n(-1)?
8
Suppose -5*g + 14 = -p - p, 0 = -g - 3*p - 4. Suppose -5*u = s - 16 + 4, -4*s - g*u + 84 = 0. Calculate the remainder when s is divided by 12.
10
Suppose 1 = i - 0*i + x, 4*i - x - 29 = 0. Calculate the remainder when 22 is divided by i.
4
What is the remainder when (99 + 1)*(-3)/(-6) is divided by 14?
8
Let c(q) = -q**3 - 11*q**2 - 13*q - 7. Suppose 58 - 18 = -4*s. Calculate the remainder when 89 is divided by c(s).
20
Let d(p) = 4*p**2 + 2*p. Suppose y = 5*g - 0*g - 118, -2*g + 4*y = -58. Calculate the remainder when g is divided by d(-2).
11
Suppose 5*j + 2*u - 33 = 0, -5*u + 8 = -2*j - 2. Let s(l) = l**3 - 4*l**2 - l - 2. Calculate the remainder when 52 is divided by s(j).
16
Suppose 45 = 2*q - 59. Suppose -4*t + q = -0*t. Let k(c) = -9*c + 6. What is the remainder when k(-5) is divided by t?
12
Let f(r) be the second derivative of r**4/12 - r**3/6 - 7*r**2/2 - 2*r. Calculate the remainder when f(-5) is divided by 8.
7
Let i = 55 + -47. Let h = 29 - 1. What is the remainder when h is divided by i?
4
Let i = 27 + 11. Calculate the remainder when i is divided by 13.
12
Suppose 6*h - 136 = h + 2*r, -4*h + 114 = r. What is the remainder when h is divided by 16?
12
Let v be (-5 - -2) + 6 - 3. What is the remainder when 31 is divided by 1/(v - 1/(-11))?
9
Suppose 0 = -n - 2*n - 3*i - 30, 2*n = -i - 19. Let m = 70 + -48. Let v = m + n. Calculate the remainder when 23 is divided by v.
10
Let r be (0 - 1)*1 - -11. Suppose -2 - r = -4*h. Suppose 3*o - 17 - 4 = 0. Calculate the remainder when o is divided by h.
1
Suppose 0 = -2*c + 2*g + 2*g + 52, 2*g + 4 = 0. What is the remainder when 64/(2 + (-1)/1) is divided by c?
20
Suppose -3*z - 6 = -4*z. What is the remainder when 9 is divided by z?
3
Suppose -3*d - 4*l = -5*l - 73, 3*l = d - 27. Calculate the remainder when d is divided by 1 - (-2 - (1 - -9)).
11
Let n(g) = 5*g + 5. Calculate the remainder when 76 is divided by n(3).
16
Let l(v) be the second derivative of -2*v + 1/3*v**3 + 1/12*v**4 + 0 - 3/2*v**2. What is the remainder when 23 is divided by l(3)?
11
Suppose 19 + 6 = 5*q. Calculate the remainder when 24 is divided by q.
4
Suppose 7*f + 40 = 2*f. Let i(q) = -7*q - 4. Let d be i(f). Let h = d + 6. Calculate the remainder when h is divided by 20.
18
Let s(d) = -d**2 - 6*d + 4. What is the remainder when 38 is divided by s(-3)?
12
Let c = 48 + -17. Calculate the remainder when c is divided by 17.
14
Suppose 5*h - 3 - 17 = 0. Suppose -u - y + 1 = 0, -3*y - 4 = -h*u + y. Suppose 0 = 5*v - 4 - 6. What is the remainder when v is divided by u?
0
Let w = 26 - 17. Let u = 19 - 17. Suppose 0 = -3*m, u*q - 5*q = -3*m - 51. What is the remainder when q is divided by w?
8
Let r = -14 - -34. Let z = 32 + -45. Let u = z + r. What is the remainder when 13 is divided by u?
6
What is the remainder when 28 - (1 - (5 + -1)) is divided by 16?
15
Let f = 3 + 10. What is the remainder when (9/4)/((-4)/(-64)) is divided by f?
10
Let i(s) = -4*s. Let y be i(1). Suppose -m + h + 8 = 0, 4*m - m = h + 24. Let a = m + y. What is the remainder when 11 is divided by a?
3
Suppose 63 = 9*u - 0*u. Calculate the remainder when 62 is divided by u.
6
Suppose -q = -5*b + 24, 2*b - 5*q - 9 = -4. Let j(g) be the first derivative of g**2/2 - 1. Calculate the remainder when b is divided by j(3).
2
Calculate the remainder when (-12)/3 - (-21 - -4) is divided by 8.
5
Let h = 16 - 11. Suppose -3*n = -0*n - 2*r - 17, 3*n - 29 = h*r. Let l(d) = d**3 - d**2 - 3*d - 1. What is the remainder when 22 is divided by l(n)?
6
Let r(p) be the first derivative of -11/2*p**2 - 1 - 7*p. What is the remainder when r(-6) is divided by 20?
19
Let y = 2 - 0. Let n(o) = o + 2. Calculate the remainder when n(2) is divided by y.
0
Suppose r = -0*r + 2. Suppose -r*p - p + 5*j + 31 = 0, 0 = 4*j + 20. Suppose 0 = b + p - 17. Calculate the remainder when 43 is divided by b.
13
Let u = -4 - 3. Let s = -4 - u. Suppose s*y = t - 27, 4*t - 35 + 2 = -3*y. What is the remainder when 35 is divided by t?
11
Calculate the remainder when (-202 + 1)*(-12)/9 is divided by 54.
52
What is the remainder when (1/(-2 + 666/332))/1 is divided by 21?
19
Let b(i) = -i**2 + 16. Let z = 5 - -1. Let j(o) = 6*o + 10. Calculate the remainder when j(z) is divided by b(0).
14
Let c = -6 - -16. Calculate the remainder when 49 is divided by c.
9
Suppose 0 = 11*l - 7*l - 2*t - 2, 5 = l + t. Suppose -5*d + 3*x = -37, 5*x + 45 = 6*d - d. What is the remainder when d is divided by l?
1
Let b be -3 + 3/(3/2). Let f = 5 - b. Let i = -36 - -53. What is the remainder when i is divided by f?
5
Let o = 50 + 19. Calculate the remainder when o is divided by 9.
6
Suppose 8*k = 11*k - 81. Calculate the remainder when k is divided by 8.
3
Let z = 14 - 4. Calculate the remainder when 1*2 - (-25 + -1) is divided by z.
8
Let t = 42 + 8. What is the remainder when 98 is divided by t?
48
Let q be (-1)/((12/(-3))/16). Suppose q*y - y = 39. What is the remainder when 24 is divided by y?
11
Let b(o) = -o - 5. Let c be b(-7). What is the remainder when (-19)/(-1 - (2 - c)) is divided by ((-2)/(-4))/(2/28)?
5
Let r = 14 + -10. Suppose -p + 35 = 4*n, -2*p = -r*n + p + 23. Suppose 3*s + 2*b - 49 = 0, -2*s + 1 = -2*b - 25. Calculate the remainder when s is divided by n.
7
Let r = 21 - 17. Suppose 7*z - 15 = r*z. What is the remainder when 13 is divided by z?
3
Calculate the remainder when 58*12/64 + 1/8 is divided by 2.
1
Let t = -72 - -133. What is the remainder when t is divided by 16?
13
Let k(i) = i**3 + 7*i**2 + 6*i + 6. Calculate the remainder when k(-6) is divided by 5.
1
Suppose -5*r + 38 = 2*l, 0*l = 3*l + 3*r - 57. Suppose t - 2*d - l = d, -2*t - 2*d + 22 = 0. What is the remainder when 37 is divided by t?
11
Suppose 0 = 2*d + 6 - 32. What is the remainder when d is divided by 4?
1
Suppose -2 = 2*m - 6. Let s be 0 - ((0 - 3) + m). Suppose 5*h = -5*r + 50, -4*h + 5 = r + s. What is the remainder when 35 is divided by r?
11
Suppose -5*m - 7 + 35 = -w, -2*w - 20 = -4*m. Calculate the remainder when 17 is divided by m.
5
Let f = 51 + -34. Calculate the remainder when 101 is divided by f.
16
Suppose 3 - 11 = -2*q. Calculate the remainder when 10 is divided by q.
2
Let a = 1 + 13. What is the remainder when 68 is divided by a?
12
Suppose -200 = -6*l + 4*l. Calculate the remainder when l is divided by 34.
32
Let c(k) = k**3 - 7*k**2 + 4. Let s be c(7). Suppose -4*f + 3*d + 2*d + 81 = 0, -s*f = 3*d - 105. Calculate the remainder when f is divided by 14.
10
Suppose -3*t + 83 - 23 = 0. Suppose u + 4*u = t. Suppose u*l + q - 18 - 17 = 0, 3 = q. What is the remainder when 14 is divided by l?
6
Let i = 3 + 3. Suppose 0 = -5*d + 37 + 53. Suppose 3*v = i*v - d. What is the remainder when 22 is divided by v?
4
Let k = -25 + 54. Calculate the remainder when 84 is divided by k.
26
What is the remainder when 72 is divided by (-3 - 1 - 21)/(-1)?
22
Suppose n - 3 - 3